{"id":112,"date":"2024-02-29T18:35:22","date_gmt":"2024-02-29T17:35:22","guid":{"rendered":"https:\/\/www.spisecu.fr\/index.php\/contact\/"},"modified":"2025-10-22T17:09:55","modified_gmt":"2025-10-22T15:09:55","slug":"contact","status":"publish","type":"page","link":"https:\/\/www.spisecu.fr\/index.php\/contact\/","title":{"rendered":"Contact"},"content":{"rendered":"\t\t<div data-elementor-type=\"wp-page\" data-elementor-id=\"112\" class=\"elementor elementor-112\" data-elementor-post-type=\"page\">\n\t\t\t\t<div class=\"elementor-element elementor-element-372e1715 e-con-full e-flex e-con e-parent\" data-id=\"372e1715\" data-element_type=\"container\" data-e-type=\"container\" data-settings=\"{&quot;background_background&quot;:&quot;classic&quot;}\">\n\t\t\t\t<div class=\"elementor-element elementor-element-3d9fb3a5 elementor-widget__width-inherit elementor-widget elementor-widget-heading\" data-id=\"3d9fb3a5\" data-element_type=\"widget\" data-e-type=\"widget\" data-widget_type=\"heading.default\">\n\t\t\t\t<div class=\"elementor-widget-container\">\n\t\t\t\t\t<h1 class=\"elementor-heading-title elementor-size-default\">Contactez-Nous<\/h1>\t\t\t\t<\/div>\n\t\t\t\t<\/div>\n\t\t\t\t<div class=\"elementor-element elementor-element-6d4bfbd2 elementor-widget__width-inherit elementor-widget-divider--view-line elementor-widget elementor-widget-divider\" data-id=\"6d4bfbd2\" data-element_type=\"widget\" data-e-type=\"widget\" data-widget_type=\"divider.default\">\n\t\t\t\t<div class=\"elementor-widget-container\">\n\t\t\t\t\t\t\t<div class=\"elementor-divider\">\n\t\t\t<span class=\"elementor-divider-separator\">\n\t\t\t\t\t\t<\/span>\n\t\t<\/div>\n\t\t\t\t\t\t<\/div>\n\t\t\t\t<\/div>\n\t\t\t\t<div class=\"elementor-element elementor-element-4a71fc29 elementor-widget elementor-widget-heading\" data-id=\"4a71fc29\" data-element_type=\"widget\" data-e-type=\"widget\" data-widget_type=\"heading.default\">\n\t\t\t\t<div class=\"elementor-widget-container\">\n\t\t\t\t\t<h6 class=\"elementor-heading-title elementor-size-default\">Info Contact<\/h6>\t\t\t\t<\/div>\n\t\t\t\t<\/div>\n\t\t\t\t<div class=\"elementor-element elementor-element-1705702f elementor-align-center elementor-icon-list--layout-traditional elementor-list-item-link-full_width elementor-widget elementor-widget-icon-list\" data-id=\"1705702f\" data-element_type=\"widget\" data-e-type=\"widget\" data-widget_type=\"icon-list.default\">\n\t\t\t\t<div class=\"elementor-widget-container\">\n\t\t\t\t\t\t\t<ul class=\"elementor-icon-list-items\">\n\t\t\t\t\t\t\t<li class=\"elementor-icon-list-item\">\n\t\t\t\t\t\t\t\t\t\t\t<a href=\"tel:0643745455\">\n\n\t\t\t\t\t\t\t\t\t\t\t<span class=\"elementor-icon-list-text\">06 43 74 54 55<\/span>\n\t\t\t\t\t\t\t\t\t\t\t<\/a>\n\t\t\t\t\t\t\t\t\t<\/li>\n\t\t\t\t\t\t\t\t<li class=\"elementor-icon-list-item\">\n\t\t\t\t\t\t\t\t\t\t\t<a href=\"mailto:contact@mysite.com\">\n\n\t\t\t\t\t\t\t\t\t\t\t<span class=\"elementor-icon-list-text\">alexandra@spisecu.com<\/span>\n\t\t\t\t\t\t\t\t\t\t\t<\/a>\n\t\t\t\t\t\t\t\t\t<\/li>\n\t\t\t\t\t\t<\/ul>\n\t\t\t\t\t\t<\/div>\n\t\t\t\t<\/div>\n\t\t\t\t<\/div>\n\t\t<div class=\"elementor-element elementor-element-3b1621c0 e-flex e-con-boxed e-con e-parent\" data-id=\"3b1621c0\" data-element_type=\"container\" data-e-type=\"container\">\n\t\t\t\t\t<div class=\"e-con-inner\">\n\t\t\t\t<div class=\"elementor-element elementor-element-5996245 elementor-widget elementor-widget-image\" data-id=\"5996245\" data-element_type=\"widget\" data-e-type=\"widget\" data-widget_type=\"image.default\">\n\t\t\t\t<div class=\"elementor-widget-container\">\n\t\t\t\t\t\t\t\t\t\t\t\t\t\t\t<img decoding=\"async\" width=\"150\" height=\"150\" src=\"https:\/\/www.spisecu.fr\/wp-content\/uploads\/2024\/03\/Logo-Final-SPI-150x150.webp\" class=\"attachment-thumbnail size-thumbnail wp-image-447\" alt=\"spi-securite\" srcset=\"https:\/\/www.spisecu.fr\/wp-content\/uploads\/2024\/03\/Logo-Final-SPI-150x150.webp 150w, https:\/\/www.spisecu.fr\/wp-content\/uploads\/2024\/03\/Logo-Final-SPI-300x300.webp 300w, https:\/\/www.spisecu.fr\/wp-content\/uploads\/2024\/03\/Logo-Final-SPI.webp 500w\" sizes=\"(max-width: 150px) 100vw, 150px\" \/>\t\t\t\t\t\t\t\t\t\t\t\t\t\t\t<\/div>\n\t\t\t\t<\/div>\n\t\t\t\t<div class=\"elementor-element elementor-element-135c3b23 elementor-widget elementor-widget-text-editor\" data-id=\"135c3b23\" data-element_type=\"widget\" data-e-type=\"widget\" data-widget_type=\"text-editor.default\">\n\t\t\t\t<div class=\"elementor-widget-container\">\n\t\t\t\t\t\t\t\t\t<pre id=\"tw-target-text\" class=\"tw-data-text tw-text-large tw-ta\" dir=\"ltr\" data-placeholder=\"Traduction\" data-ved=\"2ahUKEwiL_JT5hN2EAxW9UaQEHS_fBjsQ3ewLegQIBRAU\"><span class=\"Y2IQFc\" lang=\"fr\">Remplissez le formulaire ci-dessous et nous vous contacterons dans les plus brefs d\u00e9lais<\/span><\/pre>\t\t\t\t\t\t\t\t<\/div>\n\t\t\t\t<\/div>\n\t\t\t\t<div class=\"elementor-element elementor-element-79506054 elementor-button-align-center elementor-widget elementor-widget-form\" data-id=\"79506054\" data-element_type=\"widget\" data-e-type=\"widget\" data-settings=\"{&quot;step_next_label&quot;:&quot;Suivant&quot;,&quot;step_previous_label&quot;:&quot;Pr\\u00e9c\\u00e9dent&quot;,&quot;button_width&quot;:&quot;100&quot;,&quot;step_type&quot;:&quot;number_text&quot;,&quot;step_icon_shape&quot;:&quot;circle&quot;}\" data-widget_type=\"form.default\">\n\t\t\t\t<div class=\"elementor-widget-container\">\n\t\t\t\t\t\t\t<form class=\"elementor-form\" method=\"post\" name=\"Contact Form\" aria-label=\"Contact Form\">\n\t\t\t<input type=\"hidden\" name=\"post_id\" value=\"112\"\/>\n\t\t\t<input type=\"hidden\" name=\"form_id\" value=\"79506054\"\/>\n\t\t\t<input type=\"hidden\" name=\"referer_title\" value=\"Services de s\u00e9curit\u00e9 de protection des biens et des personnes - SPI S\u00e9curit\u00e9\" \/>\n\n\t\t\t\t\t\t\t<input type=\"hidden\" name=\"queried_id\" value=\"112\"\/>\n\t\t\t\n\t\t\t<div class=\"elementor-form-fields-wrapper elementor-labels-above\">\n\t\t\t\t\t\t\t\t<div class=\"elementor-field-type-text elementor-field-group elementor-column elementor-field-group-field_b743cd7 elementor-col-50 elementor-field-required elementor-mark-required\">\n\t\t\t\t\t\t\t\t\t\t\t\t<label for=\"form-field-field_b743cd7\" class=\"elementor-field-label\">\n\t\t\t\t\t\t\t\tPr\u00e9nom\t\t\t\t\t\t\t<\/label>\n\t\t\t\t\t\t\t\t\t\t\t\t\t\t<input size=\"1\" type=\"text\" name=\"form_fields[field_b743cd7]\" id=\"form-field-field_b743cd7\" class=\"elementor-field elementor-size-sm  elementor-field-textual\" placeholder=\"Pr\u00e9nom\" required=\"required\">\n\t\t\t\t\t\t\t\t\t\t\t<\/div>\n\t\t\t\t\t\t\t\t<div class=\"elementor-field-type-text elementor-field-group elementor-column elementor-field-group-name elementor-col-50 elementor-field-required elementor-mark-required\">\n\t\t\t\t\t\t\t\t\t\t\t\t<label for=\"form-field-name\" class=\"elementor-field-label\">\n\t\t\t\t\t\t\t\tNom\t\t\t\t\t\t\t<\/label>\n\t\t\t\t\t\t\t\t\t\t\t\t\t\t<input size=\"1\" type=\"text\" name=\"form_fields[name]\" id=\"form-field-name\" class=\"elementor-field elementor-size-sm  elementor-field-textual\" placeholder=\"Nom\" required=\"required\">\n\t\t\t\t\t\t\t\t\t\t\t<\/div>\n\t\t\t\t\t\t\t\t<div class=\"elementor-field-type-email elementor-field-group elementor-column elementor-field-group-email elementor-col-50 elementor-field-required elementor-mark-required\">\n\t\t\t\t\t\t\t\t\t\t\t\t<label for=\"form-field-email\" class=\"elementor-field-label\">\n\t\t\t\t\t\t\t\tEmail\t\t\t\t\t\t\t<\/label>\n\t\t\t\t\t\t\t\t\t\t\t\t\t\t<input size=\"1\" type=\"email\" name=\"form_fields[email]\" id=\"form-field-email\" class=\"elementor-field elementor-size-sm  elementor-field-textual\" placeholder=\"Email\" required=\"required\">\n\t\t\t\t\t\t\t\t\t\t\t<\/div>\n\t\t\t\t\t\t\t\t<div class=\"elementor-field-type-tel elementor-field-group elementor-column elementor-field-group-field_6c180a9 elementor-col-50 elementor-field-required elementor-mark-required\">\n\t\t\t\t\t\t\t\t\t\t\t\t<label for=\"form-field-field_6c180a9\" class=\"elementor-field-label\">\n\t\t\t\t\t\t\t\tNum\u00e9ro de T\u00e9l\u00e9phone\t\t\t\t\t\t\t<\/label>\n\t\t\t\t\t\t\t\t<input size=\"1\" type=\"tel\" name=\"form_fields[field_6c180a9]\" id=\"form-field-field_6c180a9\" class=\"elementor-field elementor-size-sm  elementor-field-textual\" placeholder=\"Num\u00e9ro de T\u00e9l\u00e9phone\" required=\"required\" pattern=\"[0-9()#&amp;+*-=.]+\" title=\"Seuls les caract\u00e8res de num\u00e9ros de t\u00e9l\u00e9phone (#, -, *, etc.) sont accept\u00e9s.\">\n\n\t\t\t\t\t\t<\/div>\n\t\t\t\t\t\t\t\t<div class=\"elementor-field-type-textarea elementor-field-group elementor-column elementor-field-group-message elementor-col-100\">\n\t\t\t\t\t\t\t\t\t\t\t\t<label for=\"form-field-message\" class=\"elementor-field-label\">\n\t\t\t\t\t\t\t\tMessage\t\t\t\t\t\t\t<\/label>\n\t\t\t\t\t\t<textarea class=\"elementor-field-textual elementor-field  elementor-size-sm\" name=\"form_fields[message]\" id=\"form-field-message\" rows=\"4\" placeholder=\"Message\"><\/textarea>\t\t\t\t<\/div>\n\t\t\t\t\t\t\t\t<div class=\"elementor-field-type-acceptance elementor-field-group elementor-column elementor-field-group-field_e93df8d elementor-col-100 elementor-field-required elementor-mark-required\">\n\t\t\t\t\t\t\t\t\t\t\t\t<label for=\"form-field-field_e93df8d\" class=\"elementor-field-label\">\n\t\t\t\t\t\t\t\tJ'accepte\t\t\t\t\t\t\t<\/label>\n\t\t\t\t\t\t\t\t<div class=\"elementor-field-subgroup\">\n\t\t\t<span class=\"elementor-field-option\">\n\t\t\t\t<input type=\"checkbox\" name=\"form_fields[field_e93df8d]\" id=\"form-field-field_e93df8d\" class=\"elementor-field elementor-size-sm  elementor-acceptance-field\" required=\"required\">\n\t\t\t\t<label for=\"form-field-field_e93df8d\">En cochant cette case j'accepte la collecte de mes donn\u00e9es personnelles afin d'\u00eatre contact\u00e9 par SPI Secu<\/label>\t\t\t<\/span>\n\t\t<\/div>\n\t\t\t\t\t\t<\/div>\n\t\t\t\t\t\t\t\t<div class=\"elementor-field-group elementor-column elementor-field-type-submit elementor-col-100 e-form__buttons\">\n\t\t\t\t\t<button class=\"elementor-button elementor-size-sm\" type=\"submit\">\n\t\t\t\t\t\t<span class=\"elementor-button-content-wrapper\">\n\t\t\t\t\t\t\t\t\t\t\t\t\t\t\t\t\t\t\t\t\t\t<span class=\"elementor-button-text\">Envoyer<\/span>\n\t\t\t\t\t\t\t\t\t\t\t\t\t<\/span>\n\t\t\t\t\t<\/button>\n\t\t\t\t<\/div>\n\t\t\t<\/div>\n\t\t<\/form>\n\t\t\t\t\t\t<\/div>\n\t\t\t\t<\/div>\n\t\t\t\t\t<\/div>\n\t\t\t\t<\/div>\n\t\t\t\t<\/div>\n\t\t","protected":false},"excerpt":{"rendered":"<p>Contactez-Nous Info Contact 06 43 74 54 55 alexandra@spisecu.com Remplissez le formulaire ci-dessous et nous vous contacterons dans les plus brefs d\u00e9lais<\/p>\n","protected":false},"author":1,"featured_media":0,"parent":0,"menu_order":0,"comment_status":"closed","ping_status":"closed","template":"elementor_header_footer","meta":{"footnotes":""},"class_list":["post-112","page","type-page","status-publish","hentry"],"yoast_head":"<!-- This site is optimized with the Yoast SEO Premium plugin v27.2 (Yoast SEO v27.5) - https:\/\/yoast.com\/product\/yoast-seo-premium-wordpress\/ -->\n<title>Services de s\u00e9curit\u00e9 de protection des biens et des personnes - SPI S\u00e9curit\u00e9<\/title>\n<meta name=\"description\" content=\"Services de s\u00e9curit\u00e9 et de protection des biens et des personnes : S\u00fbret\u00e9 de vos commerces, \u00e9v\u00e9nements priv\u00e9s, publics et sites industriels.\" \/>\n<meta name=\"robots\" content=\"index, follow, max-snippet:-1, max-image-preview:large, max-video-preview:-1\" \/>\n<link rel=\"canonical\" href=\"https:\/\/www.spisecu.fr\/index.php\/contact\/\" \/>\n<meta property=\"og:locale\" content=\"fr_FR\" \/>\n<meta property=\"og:type\" content=\"article\" \/>\n<meta property=\"og:title\" content=\"Contact\" \/>\n<meta property=\"og:description\" content=\"Services de s\u00e9curit\u00e9 et de protection des biens et des personnes : S\u00fbret\u00e9 de vos commerces, \u00e9v\u00e9nements priv\u00e9s, publics et sites industriels.\" \/>\n<meta property=\"og:url\" content=\"https:\/\/www.spisecu.fr\/index.php\/contact\/\" \/>\n<meta property=\"og:site_name\" content=\"SPI S\u00e9curit\u00e9\" \/>\n<meta property=\"article:publisher\" content=\"https:\/\/www.facebook.com\/profile.php?id=100089748819542\" \/>\n<meta property=\"article:modified_time\" content=\"2025-10-22T15:09:55+00:00\" \/>\n<meta property=\"og:image\" content=\"https:\/\/www.spisecu.fr\/wp-content\/uploads\/2024\/03\/Logo-Final-SPI.webp\" \/>\n\t<meta property=\"og:image:width\" content=\"500\" \/>\n\t<meta property=\"og:image:height\" content=\"500\" \/>\n\t<meta property=\"og:image:type\" content=\"image\/webp\" \/>\n<meta name=\"twitter:card\" content=\"summary_large_image\" \/>\n<meta name=\"twitter:label1\" content=\"Dur\u00e9e de lecture estim\u00e9e\" \/>\n\t<meta name=\"twitter:data1\" content=\"1 minute\" \/>\n<script type=\"application\/ld+json\" class=\"yoast-schema-graph\">{\"@context\":\"https:\\\/\\\/schema.org\",\"@graph\":[{\"@type\":\"WebPage\",\"@id\":\"https:\\\/\\\/www.spisecu.fr\\\/index.php\\\/contact\\\/\",\"url\":\"https:\\\/\\\/www.spisecu.fr\\\/index.php\\\/contact\\\/\",\"name\":\"Services de s\u00e9curit\u00e9 de protection des biens et des personnes - SPI S\u00e9curit\u00e9\",\"isPartOf\":{\"@id\":\"https:\\\/\\\/www.spisecu.fr\\\/#website\"},\"primaryImageOfPage\":{\"@id\":\"https:\\\/\\\/www.spisecu.fr\\\/index.php\\\/contact\\\/#primaryimage\"},\"image\":{\"@id\":\"https:\\\/\\\/www.spisecu.fr\\\/index.php\\\/contact\\\/#primaryimage\"},\"thumbnailUrl\":\"https:\\\/\\\/www.spisecu.fr\\\/wp-content\\\/uploads\\\/2024\\\/03\\\/Logo-Final-SPI-150x150.webp\",\"datePublished\":\"2024-02-29T17:35:22+00:00\",\"dateModified\":\"2025-10-22T15:09:55+00:00\",\"description\":\"Services de s\u00e9curit\u00e9 et de protection des biens et des personnes : S\u00fbret\u00e9 de vos commerces, \u00e9v\u00e9nements priv\u00e9s, publics et sites industriels.\",\"breadcrumb\":{\"@id\":\"https:\\\/\\\/www.spisecu.fr\\\/index.php\\\/contact\\\/#breadcrumb\"},\"inLanguage\":\"fr-FR\",\"potentialAction\":[{\"@type\":\"ReadAction\",\"target\":[\"https:\\\/\\\/www.spisecu.fr\\\/index.php\\\/contact\\\/\"]}]},{\"@type\":\"ImageObject\",\"inLanguage\":\"fr-FR\",\"@id\":\"https:\\\/\\\/www.spisecu.fr\\\/index.php\\\/contact\\\/#primaryimage\",\"url\":\"https:\\\/\\\/www.spisecu.fr\\\/wp-content\\\/uploads\\\/2024\\\/03\\\/Logo-Final-SPI.webp\",\"contentUrl\":\"https:\\\/\\\/www.spisecu.fr\\\/wp-content\\\/uploads\\\/2024\\\/03\\\/Logo-Final-SPI.webp\",\"width\":500,\"height\":500,\"caption\":\"Logo de la soci\u00e9t\u00e9 SPI S\u00e9curit\u00e9\"},{\"@type\":\"BreadcrumbList\",\"@id\":\"https:\\\/\\\/www.spisecu.fr\\\/index.php\\\/contact\\\/#breadcrumb\",\"itemListElement\":[{\"@type\":\"ListItem\",\"position\":1,\"name\":\"Accueil\",\"item\":\"https:\\\/\\\/www.spisecu.fr\\\/\"},{\"@type\":\"ListItem\",\"position\":2,\"name\":\"Contact\"}]},{\"@type\":\"WebSite\",\"@id\":\"https:\\\/\\\/www.spisecu.fr\\\/#website\",\"url\":\"https:\\\/\\\/www.spisecu.fr\\\/\",\"name\":\"SPI S\u00e9curit\u00e9\",\"description\":\"Services de s\u00e9curit\u00e9 et de protection des biens et des personnes\",\"publisher\":{\"@id\":\"https:\\\/\\\/www.spisecu.fr\\\/#organization\"},\"alternateName\":\"SPI\",\"potentialAction\":[{\"@type\":\"SearchAction\",\"target\":{\"@type\":\"EntryPoint\",\"urlTemplate\":\"https:\\\/\\\/www.spisecu.fr\\\/?s={search_term_string}\"},\"query-input\":{\"@type\":\"PropertyValueSpecification\",\"valueRequired\":true,\"valueName\":\"search_term_string\"}}],\"inLanguage\":\"fr-FR\"},{\"@type\":[\"Organization\",\"Place\",\"ProfessionalService\"],\"@id\":\"https:\\\/\\\/www.spisecu.fr\\\/#organization\",\"name\":\"SPI S\u00e9curit\u00e9\",\"alternateName\":\"SPI\",\"url\":\"https:\\\/\\\/www.spisecu.fr\\\/\",\"logo\":{\"@id\":\"https:\\\/\\\/www.spisecu.fr\\\/index.php\\\/contact\\\/#local-main-organization-logo\"},\"image\":{\"@id\":\"https:\\\/\\\/www.spisecu.fr\\\/index.php\\\/contact\\\/#local-main-organization-logo\"},\"sameAs\":[\"https:\\\/\\\/www.facebook.com\\\/profile.php?id=100089748819542\"],\"description\":\"Services de s\u00e9curit\u00e9 et de protection des biens et des personnes\",\"legalName\":\"SPI S\u00e9curit\u00e9\",\"foundingDate\":\"2023-03-25\",\"numberOfEmployees\":{\"@type\":\"QuantitativeValue\",\"minValue\":\"1\",\"maxValue\":\"10\"},\"address\":{\"@id\":\"https:\\\/\\\/www.spisecu.fr\\\/index.php\\\/contact\\\/#local-main-place-address\"},\"telephone\":[],\"contactPoint\":{\"@type\":\"ContactPoint\",\"telephone\":\"0643745455\",\"email\":\"alexandra@spisecu.fr\"},\"openingHoursSpecification\":{\"@type\":\"OpeningHoursSpecification\",\"dayOfWeek\":[\"Monday\",\"Tuesday\",\"Wednesday\",\"Thursday\",\"Friday\",\"Saturday\",\"Sunday\"],\"opens\":\"00:00\",\"closes\":\"23:59\"},\"email\":\"alexandra@spisecu.fr\",\"vatID\":\"FR85982869273\",\"taxID\":\"95106837800011\",\"currenciesAccepted\":\"Euro\"},{\"@type\":\"PostalAddress\",\"@id\":\"https:\\\/\\\/www.spisecu.fr\\\/index.php\\\/contact\\\/#local-main-place-address\",\"streetAddress\":\"07350\",\"addressLocality\":\"Cruas\",\"postalCode\":\"07350\",\"addressCountry\":\"FR\"},{\"@type\":\"ImageObject\",\"inLanguage\":\"fr-FR\",\"@id\":\"https:\\\/\\\/www.spisecu.fr\\\/index.php\\\/contact\\\/#local-main-organization-logo\",\"url\":\"https:\\\/\\\/www.spisecu.fr\\\/wp-content\\\/uploads\\\/2024\\\/03\\\/Logo-Final-SPI.webp\",\"contentUrl\":\"https:\\\/\\\/www.spisecu.fr\\\/wp-content\\\/uploads\\\/2024\\\/03\\\/Logo-Final-SPI.webp\",\"width\":500,\"height\":500,\"caption\":\"SPI S\u00e9curit\u00e9\"}]}<\/script>\n<meta name=\"geo.placename\" content=\"Cruas\" \/>\n<meta name=\"geo.region\" content=\"France\" \/>\n<!-- \/ Yoast SEO Premium plugin. -->","yoast_head_json":{"title":"Services de s\u00e9curit\u00e9 de protection des biens et des personnes - SPI S\u00e9curit\u00e9","description":"Services de s\u00e9curit\u00e9 et de protection des biens et des personnes : S\u00fbret\u00e9 de vos commerces, \u00e9v\u00e9nements priv\u00e9s, publics et sites industriels.","robots":{"index":"index","follow":"follow","max-snippet":"max-snippet:-1","max-image-preview":"max-image-preview:large","max-video-preview":"max-video-preview:-1"},"canonical":"https:\/\/www.spisecu.fr\/index.php\/contact\/","og_locale":"fr_FR","og_type":"article","og_title":"Contact","og_description":"Services de s\u00e9curit\u00e9 et de protection des biens et des personnes : S\u00fbret\u00e9 de vos commerces, \u00e9v\u00e9nements priv\u00e9s, publics et sites industriels.","og_url":"https:\/\/www.spisecu.fr\/index.php\/contact\/","og_site_name":"SPI S\u00e9curit\u00e9","article_publisher":"https:\/\/www.facebook.com\/profile.php?id=100089748819542","article_modified_time":"2025-10-22T15:09:55+00:00","og_image":[{"width":500,"height":500,"url":"https:\/\/www.spisecu.fr\/wp-content\/uploads\/2024\/03\/Logo-Final-SPI.webp","type":"image\/webp"}],"twitter_card":"summary_large_image","twitter_misc":{"Dur\u00e9e de lecture estim\u00e9e":"1 minute"},"schema":{"@context":"https:\/\/schema.org","@graph":[{"@type":"WebPage","@id":"https:\/\/www.spisecu.fr\/index.php\/contact\/","url":"https:\/\/www.spisecu.fr\/index.php\/contact\/","name":"Services de s\u00e9curit\u00e9 de protection des biens et des personnes - SPI S\u00e9curit\u00e9","isPartOf":{"@id":"https:\/\/www.spisecu.fr\/#website"},"primaryImageOfPage":{"@id":"https:\/\/www.spisecu.fr\/index.php\/contact\/#primaryimage"},"image":{"@id":"https:\/\/www.spisecu.fr\/index.php\/contact\/#primaryimage"},"thumbnailUrl":"https:\/\/www.spisecu.fr\/wp-content\/uploads\/2024\/03\/Logo-Final-SPI-150x150.webp","datePublished":"2024-02-29T17:35:22+00:00","dateModified":"2025-10-22T15:09:55+00:00","description":"Services de s\u00e9curit\u00e9 et de protection des biens et des personnes : S\u00fbret\u00e9 de vos commerces, \u00e9v\u00e9nements priv\u00e9s, publics et sites industriels.","breadcrumb":{"@id":"https:\/\/www.spisecu.fr\/index.php\/contact\/#breadcrumb"},"inLanguage":"fr-FR","potentialAction":[{"@type":"ReadAction","target":["https:\/\/www.spisecu.fr\/index.php\/contact\/"]}]},{"@type":"ImageObject","inLanguage":"fr-FR","@id":"https:\/\/www.spisecu.fr\/index.php\/contact\/#primaryimage","url":"https:\/\/www.spisecu.fr\/wp-content\/uploads\/2024\/03\/Logo-Final-SPI.webp","contentUrl":"https:\/\/www.spisecu.fr\/wp-content\/uploads\/2024\/03\/Logo-Final-SPI.webp","width":500,"height":500,"caption":"Logo de la soci\u00e9t\u00e9 SPI S\u00e9curit\u00e9"},{"@type":"BreadcrumbList","@id":"https:\/\/www.spisecu.fr\/index.php\/contact\/#breadcrumb","itemListElement":[{"@type":"ListItem","position":1,"name":"Accueil","item":"https:\/\/www.spisecu.fr\/"},{"@type":"ListItem","position":2,"name":"Contact"}]},{"@type":"WebSite","@id":"https:\/\/www.spisecu.fr\/#website","url":"https:\/\/www.spisecu.fr\/","name":"SPI S\u00e9curit\u00e9","description":"Services de s\u00e9curit\u00e9 et de protection des biens et des personnes","publisher":{"@id":"https:\/\/www.spisecu.fr\/#organization"},"alternateName":"SPI","potentialAction":[{"@type":"SearchAction","target":{"@type":"EntryPoint","urlTemplate":"https:\/\/www.spisecu.fr\/?s={search_term_string}"},"query-input":{"@type":"PropertyValueSpecification","valueRequired":true,"valueName":"search_term_string"}}],"inLanguage":"fr-FR"},{"@type":["Organization","Place","ProfessionalService"],"@id":"https:\/\/www.spisecu.fr\/#organization","name":"SPI S\u00e9curit\u00e9","alternateName":"SPI","url":"https:\/\/www.spisecu.fr\/","logo":{"@id":"https:\/\/www.spisecu.fr\/index.php\/contact\/#local-main-organization-logo"},"image":{"@id":"https:\/\/www.spisecu.fr\/index.php\/contact\/#local-main-organization-logo"},"sameAs":["https:\/\/www.facebook.com\/profile.php?id=100089748819542"],"description":"Services de s\u00e9curit\u00e9 et de protection des biens et des personnes","legalName":"SPI S\u00e9curit\u00e9","foundingDate":"2023-03-25","numberOfEmployees":{"@type":"QuantitativeValue","minValue":"1","maxValue":"10"},"address":{"@id":"https:\/\/www.spisecu.fr\/index.php\/contact\/#local-main-place-address"},"telephone":[],"contactPoint":{"@type":"ContactPoint","telephone":"0643745455","email":"alexandra@spisecu.fr"},"openingHoursSpecification":{"@type":"OpeningHoursSpecification","dayOfWeek":["Monday","Tuesday","Wednesday","Thursday","Friday","Saturday","Sunday"],"opens":"00:00","closes":"23:59"},"email":"alexandra@spisecu.fr","vatID":"FR85982869273","taxID":"95106837800011","currenciesAccepted":"Euro"},{"@type":"PostalAddress","@id":"https:\/\/www.spisecu.fr\/index.php\/contact\/#local-main-place-address","streetAddress":"07350","addressLocality":"Cruas","postalCode":"07350","addressCountry":"FR"},{"@type":"ImageObject","inLanguage":"fr-FR","@id":"https:\/\/www.spisecu.fr\/index.php\/contact\/#local-main-organization-logo","url":"https:\/\/www.spisecu.fr\/wp-content\/uploads\/2024\/03\/Logo-Final-SPI.webp","contentUrl":"https:\/\/www.spisecu.fr\/wp-content\/uploads\/2024\/03\/Logo-Final-SPI.webp","width":500,"height":500,"caption":"SPI S\u00e9curit\u00e9"}]},"geo.placename":"Cruas","geo.region":"France"},"_links":{"self":[{"href":"https:\/\/www.spisecu.fr\/index.php\/wp-json\/wp\/v2\/pages\/112","targetHints":{"allow":["GET"]}}],"collection":[{"href":"https:\/\/www.spisecu.fr\/index.php\/wp-json\/wp\/v2\/pages"}],"about":[{"href":"https:\/\/www.spisecu.fr\/index.php\/wp-json\/wp\/v2\/types\/page"}],"author":[{"embeddable":true,"href":"https:\/\/www.spisecu.fr\/index.php\/wp-json\/wp\/v2\/users\/1"}],"replies":[{"embeddable":true,"href":"https:\/\/www.spisecu.fr\/index.php\/wp-json\/wp\/v2\/comments?post=112"}],"version-history":[{"count":58,"href":"https:\/\/www.spisecu.fr\/index.php\/wp-json\/wp\/v2\/pages\/112\/revisions"}],"predecessor-version":[{"id":1042,"href":"https:\/\/www.spisecu.fr\/index.php\/wp-json\/wp\/v2\/pages\/112\/revisions\/1042"}],"wp:attachment":[{"href":"https:\/\/www.spisecu.fr\/index.php\/wp-json\/wp\/v2\/media?parent=112"}],"curies":[{"name":"wp","href":"https:\/\/api.w.org\/{rel}","templated":true}]}}